201230 + 300300?
33010
In base 10, what is 4 - 5326205?
-5326201
In base 15, what is 151b354 + 0?
151b354
In base 16, what is 53 + 9dad?
9e00
In base 14, what is 13da1 - 2d07?
11098
In base 11, what is -279 - 35a14?
-36192
In base 16, what is -151c - -291c?
1400
In base 8, what is 254721 - -74?
255015
In base 16, what is -2b2e + -7c3?
-32f1
In base 9, what is 137760248 - -7?
137760256
In base 12, what is 9 - -3b23290?
3b23299
In base 11, what is -163 + -52553?
-52706
In base 10, what is 843174 + -6?
843168
In base 6, what is -1405230102 + 2?
-1405230100
In base 16, what is 9694fe + -13?
9694eb
In base 10, what is -70088596 - -3?
-70088593
In base 16, what is -86b82b0 + -1?
-86b82b1
In base 5, what is 30132123 - -244?
30132422
In base 5, what is 22412 - -10032201?
10110113
In base 10, what is 299981383 + 5?
299981388
In base 14, what is 6db0d31 + 0?
6db0d31
In base 5, what is -12021112223 - 110?
-12021112333
In base 4, what is -111132210 + -1331?
-111200201
In base 14, what is 100a9561 + -3?
100a955c
In base 7, what is -2145352 + -164?
-2145546
In base 7, what is -5 + 1040214?
1040206
In base 15, what is -2263 - a28a?
-c4ed
In base 3, what is 22012121121 - -100?
22012121221
In base 12, what is 1896 + -622a5?
-6060b
In base 3, what is 1110202200021 - -20?
1110202200111
In base 13, what is 1 - 610cc?
-610cb
In base 3, what is -21212101021 - 10212001?
-22000020022
In base 3, what is 1002 - -11100220110?
11100221112
In base 12, what is -7 + -16795584?
-1679558b
In base 6, what is 2103052 - -20?
2103112
In base 13, what is -2 - 1ac19b6?
-1ac19b8
In base 5, what is -314321 + 204212?
-110104
In base 12, what is -211a58a - -5?
-211a585
In base 12, what is 3048759 - 3?
3048756
In base 10, what is -3 - 6432344?
-6432347
In base 16, what is -1 + -b8fcf18?
-b8fcf19
In base 11, what is -2406491 - 58?
-2406539
In base 10, what is -49552 + 7204?
-42348
In base 15, what is -23b + -3406?
-3642
In base 7, what is 61216 - 1455?
56431
In base 14, what is b1 + 45642c?
4564dd
In base 6, what is 232452133 + 1?
232452134
In base 2, what is 10110001110 - 10111011100001?
-10100101010011
In base 5, what is 143303014 - -1304?
143304323
In base 6, what is 3431132242 - 2?
3431132240
In base 9, what is 20365561 - -4?
20365565
In base 12, what is -2 + 4a7918b?
4a79189
In base 7, what is -230 - 463616?
-464146
In base 10, what is 309 + 40302?
40611
In base 5, what is 1 + -1111314111?
-1111314110
In base 6, what is 5124102231 - 0?
5124102231
In base 13, what is -8 - 38209c7?
-3820a02
In base 5, what is 2033042 - 1421?
2031121
In base 10, what is 91029 - 5557?
85472
In base 16, what is -3 - -50cdb00?
50cdafd
In base 11, what is 9505261 + 0?
9505261
In base 14, what is 16a36d - -4c?
16a3bb
In base 8, what is 117744071 - 5?
117744064
In base 2, what is 1100011010010100 - -1000000000?
1100100010010100
In base 16, what is 78de780 - 4?
78de77c
In base 6, what is -24553 + -1252501?
-1321454
In base 8, what is 1565 + -55653?
-54066
In base 13, what is -288b4 - -252a?
-26387
In base 7, what is 1 + -442454140?
-442454136
In base 12, what is 6862046 - -4?
686204a
In base 11, what is 1949 - -2426?
4274
In base 9, what is -47202 - -28?
-47163
In base 9, what is -18043 + -578?
-18632
In base 8, what is -1 - 141544326?
-141544327
In base 14, what is -15c139 - 38c?
-15c4c7
In base 12, what is 5a0b2037 - 5?
5a0b2032
In base 8, what is 500 + 37572?
40272
In base 9, what is -24241882 + 6?
-24241875
In base 4, what is -200222213222 + -1111?
-200222220333
In base 10, what is -609861 + -2110?
-611971
In base 4, what is -3012 - -123310033?
123301021
In base 16, what is -4 + 3f9f89?
3f9f85
In base 4, what is 13212030110 + -102?
13212030002
In base 3, what is -2101 - -100100001?
100020200
In base 11, what is 3 - 3529288?
-3529285
In base 3, what is 112002 + -222220010?
-222101001
In base 9, what is -541 + 36002?
35351
In base 15, what is -de + -a5ab0?
-a5b9e
In base 5, what is -1000 + -222230113?
-222231113
In base 14, what is -77633 - d?
-77642
In base 12, what is 5 - -239b61?
239b66
In base 10, what is 85017937 - -3?
85017940
In base 4, what is -1032012002002 - 3?
-1032012002011
In base 6, what is 1000223343 - -5?
1000223352
In base 9, what is -53262 - 4728?
-58101
In base 9, what is -1026 - 110708?
-111735
In base 13, what is 4 - -170b6658?
170b665c
In base 7, what is 2 + -350564254?
-350564252
In base 12, what is 12 + -3a460?
-3a44a
In base 4, what is -113 + 101100311?
101100132
In base 9, what is 82 - 7602400?
-7602307
In base 11, what is 423517 + -247?
423280
In base 10, what is 513 - -651139?
651652
In base 16, what is 71 + -d96?
-d25
In base 9, what is -66858 + 6348?
-60510
In base 2, what is -100001011000010011 + -10101?
-100001011000101000
In base 15, what is -1218 + -2dcae?
-2eec7
In base 11, what is -325000 + 6?
-324aa5
In base 14, what is 25 - 339564?
-33953d
In base 5, what is -1440340 + 31330?
-1404010
In base 15, what is 3 + -c834036?
-c834033
In base 7, what is -5 + 26124551?
26124543
In base 13, what is 1339131 + -54?
13390aa
In base 13, what is -5b4172 + 1?
-5b4171
In base 9, what is 1612 + 116403?
118115
In base 3, what is -1012222220 - 10120021?
-1100120011
In base 7, what is -21065625 + 6?
-21065616
In base 15, what is -4ed07 + -863?
-5066a
In base 2, what is 11011011110110111101 + 1111?
11011011110111001100
In base 12, what is 23 - b9222?
-b91bb
In base 10, what is -411810 - -1235?
-410575
In base 10, what is -4 - -98031327?
98031323
In base 5, what is -34224 + -33441?
-123220
In base 5, what is -10 + -212323230?
-212323240
In base 10, what is -11 + -5923856?
-5923867
In base 14, what is -12c - d289?
-d3b7
In base 5, what is 114301 - 1201010?
-1031204
In base 13, what is -77bc791 + 9?
-77bc785
In base 11, what is 10023a26 + 16?
10023a41
In base 12, what is -20673670 + b?
-20673661
In base 12, what is 747239 - 1a?
74721b
In base 13, what is 2032 - 43c0?
-238b
In base 7, what is 1053362 + -3344?
1050015
In base 7, what is 1224445502 + -2?
1224445500
In base 14, what is 2b7 - -6023?
62da
In base 6, what is 12302215 + 25?
12302244
In base 11, what is -29 - -80a176?
80a148
In base 16, what is -35e - 99e?
-cfc
In base 6, what is -3535 - 155413?
-203352
In base 13, what is -1a3c2 - 36b?
-1a760
In base 14, what is -11cbc + 1c?
-11ca0
In base 6, what is 35414221 - 451?
35413330
In base 2, what is 10010000100001000001 + -110000011110?
10001111110000100011
In base 10, what is 11299934 - -8?
11299942
In base 10, what is 5 + 87667188?
87667193
In base 2, what is -100000001101011 - 11000010100?
-100011001111111
In base 7, what is -305014 - 650?
-305664
In base 5, what is -4243100 - -14303?
-4223242
In base 5, what is 0 + 312414301?
312414301
In base 10, what is 71 - 87545?
-87474
In base 3, what is -21221201212 - 20212002?
-22012120221
In base 14, what is 11c3 - 70c?
8b5
In base 12, what is 3 - -228250a2?
228250a5
In base 15, what is 7035 - 12e9?
5c3b
In base 4, what is -1033320212 + 30002?
-1033230210
In base 6, what is -44 + -155321045?
-155321133
In base 7, what is -3 - 1621012640?
-1621012643
In base 14, what is -655346c + -2?
-6553470
In base 5, what is 114234414443 + -4?
114234414434
In base 15, what is -2468 + -2aa?
-2723
In base 14, what is -7d8a47b6 - 0?
-7d8a47b6
In base 10, what is -3 - 9828968?
-9828971
In base 3, what is 221110022102 + 10?
221110022112
In base 13, what is -305b3278 - -1?
-305b3277
In base 9, what is 371200 + -2?
371187
In base 15, what is 2a57b - -299?
2a825
In base 13, what is -864860 - 38?
-864898
In base 13, what is 107c4 - -134c?
11b43
In base 5, what is -3314 + -20421101?
-20424420
In base 6, what is 4 + -2340314113?
-2340314105
In base 7, what is -1 - -1336063120?
1336063116
In base 6, what is 20521305 - 3?
20521302
In base 11, what is 1a27579 + -3?
1a27576
In base 11, what is -188a06 + -13?
-188a19
In base 8, what is 45 + 3661746?
3662013
In base 5, what is -110000023020 - 3?
-110000023023
In base 3, what is -12012211010022 + -1121?
-12012211011220
In base 12, what is b124703 + -2?
b124701
In base 5, what is 1143031 + 204311?
1402342
In base 16, what is -4 + 11f13e?
11f13a
In base 2, what is -1001100110110001100 - 1001?
-1001100110110010101
In base 3, what is -22 + -21110011011111?
-21110011011210
In base 10, what is -95 - 2528843?
-2528938
In base 8, 